{"id":453,"date":"2020-11-19T20:39:07","date_gmt":"2020-11-19T20:39:07","guid":{"rendered":"https:\/\/antenna.sabanciuniv.edu\/?page_id=453"},"modified":"2024-12-08T21:47:11","modified_gmt":"2024-12-08T21:47:11","slug":"contact-2","status":"publish","type":"page","link":"https:\/\/antenna.sabanciuniv.edu\/index.php\/contact-2\/","title":{"rendered":"Contact"},"content":{"rendered":"\t\t<div data-elementor-type=\"wp-page\" data-elementor-id=\"453\" class=\"elementor elementor-453\" data-elementor-settings=\"[]\">\n\t\t\t\t\t\t<div class=\"elementor-inner\">\n\t\t\t\t\t\t\t<div class=\"elementor-section-wrap\">\n\t\t\t\t\t\t\t<section class=\"elementor-section elementor-top-section elementor-element elementor-element-4ff7fee elementor-section-full_width elementor-section-height-default elementor-section-height-default\" data-id=\"4ff7fee\" data-element_type=\"section\">\n\t\t\t\t\t\t<div class=\"elementor-container elementor-column-gap-default\">\n\t\t\t\t\t\t\t<div class=\"elementor-row\">\n\t\t\t\t\t<div class=\"elementor-column elementor-col-50 elementor-top-column elementor-element elementor-element-1b56706\" data-id=\"1b56706\" data-element_type=\"column\">\n\t\t\t<div class=\"elementor-column-wrap elementor-element-populated\">\n\t\t\t\t\t\t\t<div class=\"elementor-widget-wrap\">\n\t\t\t\t\t\t<div class=\"elementor-element elementor-element-3f5c06e elementor-widget elementor-widget-text-editor\" data-id=\"3f5c06e\" data-element_type=\"widget\" data-widget_type=\"text-editor.default\">\n\t\t\t\t<div class=\"elementor-widget-container\">\n\t\t\t\t\t\t\t\t<div class=\"elementor-text-editor elementor-clearfix\">\n\t\t\t\t<p><span style=\"margin: 0px; padding: 0px; font-family: Verdana,;\"><strong style=\"margin: 0px; padding: 0px;\">Address:<\/strong><\/span><br style=\"margin: 0px; padding: 0px; color: #555555; font-family: Verdana,;\"><span style=\"color: #555555; font-family: Verdana,;\">Faculty of Engineering and Natural Sciences<\/span><br style=\"margin: 0px; padding: 0px; color: #555555; font-family: Verdana,;\"><span style=\"color: #555555; font-family: Verdana,;\">Sabanci University<\/span><br style=\"margin: 0px; padding: 0px; color: #555555; font-family: Verdana,;\"><span style=\"color: #555555; font-family: Verdana,;\">34956, Orhanli, Tuzla, Istanbul<\/span><br style=\"margin: 0px; padding: 0px; color: #555555; font-family: Verdana,;\"><span style=\"color: #555555; font-family: Verdana,;\">TURKEY<\/span><\/p>\n<p><a style=\"margin: 0px; padding: 0px; color: #2970a6; font-family: Verdana,;\" href=\"http:\/\/people.sabanciuniv.edu\/tekin\/\">Prof. Ibrahim Tekin<\/a><br style=\"margin: 0px; padding: 0px; color: #555555; font-family: Verdana,;\"><span style=\"color: #555555; font-family: Verdana,;\">E-mail :&nbsp;<\/span><span style=\"margin: 0px; padding: 0px; font-family: Verdana,;\">tekin@sabanciuniv.edu<\/span><br style=\"margin: 0px; padding: 0px; color: #555555; font-family: Verdana,;\"><span style=\"color: #555555; font-family: Verdana,;\">Phone : 216-483-9772<\/span><br style=\"margin: 0px; padding: 0px; color: #555555; font-family: Verdana,;\"><span style=\"color: #555555; font-family: Verdana,;\">216-483-9534<\/span><br style=\"margin: 0px; padding: 0px; color: #555555; font-family: Verdana,;\"><span style=\"color: #555555; font-family: Verdana,;\">Fax : 216-483-9550<\/span><\/p>\n<p><\/p>\t\t\t\t\t<\/div>\n\t\t\t\t\t\t<\/div>\n\t\t\t\t<\/div>\n\t\t\t\t\t\t<\/div>\n\t\t\t\t\t<\/div>\n\t\t<\/div>\n\t\t\t\t<div class=\"elementor-column elementor-col-50 elementor-top-column elementor-element elementor-element-a92523f\" data-id=\"a92523f\" data-element_type=\"column\">\n\t\t\t<div class=\"elementor-column-wrap elementor-element-populated\">\n\t\t\t\t\t\t\t<div class=\"elementor-widget-wrap\">\n\t\t\t\t\t\t<div class=\"elementor-element elementor-element-ea52beb elementor-widget elementor-widget-google_maps\" data-id=\"ea52beb\" data-element_type=\"widget\" data-widget_type=\"google_maps.default\">\n\t\t\t\t<div class=\"elementor-widget-container\">\n\t\t\t\t\t<div class=\"elementor-custom-embed\">\n\t\t\t<iframe frameborder=\"0\" scrolling=\"no\" marginheight=\"0\" marginwidth=\"0\"\n\t\t\t\t\tsrc=\"https:\/\/maps.google.com\/maps?q=Orta%2C%20Sabanc%C4%B1%20%C3%9Cniversitesi%2C%20Sabanc%C4%B1%20%C3%9Cniversitesi%2C%20Tuzla%2F%C4%B0stanbul&#038;t=m&#038;z=14&#038;output=embed&#038;iwloc=near\"\n\t\t\t\t\ttitle=\"Orta, Sabanc\u0131 \u00dcniversitesi, Sabanc\u0131 \u00dcniversitesi, Tuzla\/\u0130stanbul\"\n\t\t\t\t\taria-label=\"Orta, Sabanc\u0131 \u00dcniversitesi, Sabanc\u0131 \u00dcniversitesi, Tuzla\/\u0130stanbul\"\n\t\t\t><\/iframe>\n\t\t<\/div>\n\t\t\t\t<\/div>\n\t\t\t\t<\/div>\n\t\t\t\t\t\t<\/div>\n\t\t\t\t\t<\/div>\n\t\t<\/div>\n\t\t\t\t\t\t\t\t<\/div>\n\t\t\t\t\t<\/div>\n\t\t<\/section>\n\t\t\t\t\t\t<\/div>\n\t\t\t\t\t\t<\/div>\n\t\t\t\t\t<\/div>\n\t\t","protected":false},"excerpt":{"rendered":"<p>Address:Faculty of Engineering and Natural SciencesSabanci University34956, Orhanli, Tuzla, IstanbulTURKEY Prof. Ibrahim TekinE-mail :&nbsp;tekin@sabanciuniv.eduPhone : 216-483-9772216-483-9534Fax : 216-483-9550<\/p>\n","protected":false},"author":1,"featured_media":0,"parent":0,"menu_order":0,"comment_status":"closed","ping_status":"closed","template":"elementor_header_footer","meta":[],"_links":{"self":[{"href":"https:\/\/antenna.sabanciuniv.edu\/index.php\/wp-json\/wp\/v2\/pages\/453"}],"collection":[{"href":"https:\/\/antenna.sabanciuniv.edu\/index.php\/wp-json\/wp\/v2\/pages"}],"about":[{"href":"https:\/\/antenna.sabanciuniv.edu\/index.php\/wp-json\/wp\/v2\/types\/page"}],"author":[{"embeddable":true,"href":"https:\/\/antenna.sabanciuniv.edu\/index.php\/wp-json\/wp\/v2\/users\/1"}],"replies":[{"embeddable":true,"href":"https:\/\/antenna.sabanciuniv.edu\/index.php\/wp-json\/wp\/v2\/comments?post=453"}],"version-history":[{"count":31,"href":"https:\/\/antenna.sabanciuniv.edu\/index.php\/wp-json\/wp\/v2\/pages\/453\/revisions"}],"predecessor-version":[{"id":1878,"href":"https:\/\/antenna.sabanciuniv.edu\/index.php\/wp-json\/wp\/v2\/pages\/453\/revisions\/1878"}],"wp:attachment":[{"href":"https:\/\/antenna.sabanciuniv.edu\/index.php\/wp-json\/wp\/v2\/media?parent=453"}],"curies":[{"name":"wp","href":"https:\/\/api.w.org\/{rel}","templated":true}]}}